{"id":4170,"date":"2023-07-17T22:45:57","date_gmt":"2023-07-17T22:45:57","guid":{"rendered":"https:\/\/www.fuisteinvitado.com\/?page_id=4170"},"modified":"2026-03-28T04:29:43","modified_gmt":"2026-03-28T04:29:43","slug":"disenos-xv","status":"publish","type":"page","link":"https:\/\/www.fuisteinvitado.com\/web\/disenos-xv\/","title":{"rendered":"Dise\u00f1os XV a\u00f1os"},"content":{"rendered":"\t\t<div data-elementor-type=\"wp-page\" data-elementor-id=\"4170\" class=\"elementor elementor-4170\">\n\t\t\t\t<div class=\"elementor-element elementor-element-3f2ba9c elementor-hidden-tablet elementor-hidden-mobile e-flex e-con-boxed e-con e-parent\" data-id=\"3f2ba9c\" data-element_type=\"container\">\n\t\t\t\t\t<div class=\"e-con-inner\">\n\t\t<div class=\"elementor-element elementor-element-d069e7f e-con-full e-flex e-con e-child\" data-id=\"d069e7f\" data-element_type=\"container\">\n\t\t\t\t<\/div>\n\t\t<div class=\"elementor-element elementor-element-6d98600 e-con-full e-flex e-con e-child\" data-id=\"6d98600\" data-element_type=\"container\">\n\t\t\t\t<div class=\"elementor-element elementor-element-fb0d01b elementor-widget elementor-widget-image\" data-id=\"fb0d01b\" data-element_type=\"widget\" data-widget_type=\"image.default\">\n\t\t\t\t<div class=\"elementor-widget-container\">\n\t\t\t\t\t\t\t\t\t\t\t\t\t\t<a href=\"https:\/\/www.fuisteinvitado.com\/web\/diseno-infantiles\">\n\t\t\t\t\t\t\t<img fetchpriority=\"high\" decoding=\"async\" width=\"945\" height=\"275\" src=\"https:\/\/www.fuisteinvitado.com\/web\/wp-content\/uploads\/2026\/03\/Dinfantil.png\" class=\"attachment-large size-large wp-image-4896\" alt=\"\" srcset=\"https:\/\/www.fuisteinvitado.com\/web\/wp-content\/uploads\/2026\/03\/Dinfantil.png 945w, https:\/\/www.fuisteinvitado.com\/web\/wp-content\/uploads\/2026\/03\/Dinfantil-300x87.png 300w, https:\/\/www.fuisteinvitado.com\/web\/wp-content\/uploads\/2026\/03\/Dinfantil-768x223.png 768w\" sizes=\"(max-width: 945px) 100vw, 945px\" \/>\t\t\t\t\t\t\t\t<\/a>\n\t\t\t\t\t\t\t\t\t\t\t\t\t<\/div>\n\t\t\t\t<\/div>\n\t\t\t\t<\/div>\n\t\t<div class=\"elementor-element elementor-element-185b6f0 e-con-full e-flex e-con e-child\" data-id=\"185b6f0\" data-element_type=\"container\">\n\t\t\t\t<div class=\"elementor-element elementor-element-c55c184 elementor-widget elementor-widget-image\" data-id=\"c55c184\" data-element_type=\"widget\" data-widget_type=\"image.default\">\n\t\t\t\t<div class=\"elementor-widget-container\">\n\t\t\t\t\t\t\t\t\t\t\t\t\t\t<a href=\"https:\/\/www.fuisteinvitado.com\/web\/diseno-de-bodas\/\">\n\t\t\t\t\t\t\t<img decoding=\"async\" width=\"945\" height=\"275\" src=\"https:\/\/www.fuisteinvitado.com\/web\/wp-content\/uploads\/2026\/03\/DBodas.webp\" class=\"attachment-large size-large wp-image-4901\" alt=\"\" srcset=\"https:\/\/www.fuisteinvitado.com\/web\/wp-content\/uploads\/2026\/03\/DBodas.webp 945w, https:\/\/www.fuisteinvitado.com\/web\/wp-content\/uploads\/2026\/03\/DBodas-300x87.webp 300w, https:\/\/www.fuisteinvitado.com\/web\/wp-content\/uploads\/2026\/03\/DBodas-768x223.webp 768w\" sizes=\"(max-width: 945px) 100vw, 945px\" \/>\t\t\t\t\t\t\t\t<\/a>\n\t\t\t\t\t\t\t\t\t\t\t\t\t<\/div>\n\t\t\t\t<\/div>\n\t\t\t\t<\/div>\n\t\t<div class=\"elementor-element elementor-element-1e66d52 e-con-full e-flex e-con e-child\" data-id=\"1e66d52\" data-element_type=\"container\">\n\t\t\t\t<\/div>\n\t\t\t\t\t<\/div>\n\t\t\t\t<\/div>\n\t\t<div class=\"elementor-element elementor-element-6119a5d e-flex e-con-boxed e-con e-parent\" data-id=\"6119a5d\" data-element_type=\"container\">\n\t\t\t\t\t<div class=\"e-con-inner\">\n\t\t\t\t<div class=\"elementor-element elementor-element-24f4796 elementor-widget elementor-widget-text-editor\" data-id=\"24f4796\" data-element_type=\"widget\" data-widget_type=\"text-editor.default\">\n\t\t\t\t<div class=\"elementor-widget-container\">\n\t\t\t\t\t\t\t<h1 style=\"text-align: center;\">Dise\u00f1o de XV a\u00f1os<\/h1>\t\t\t\t\t\t<\/div>\n\t\t\t\t<\/div>\n\t\t\t\t\t<\/div>\n\t\t\t\t<\/div>\n\t\t<div class=\"elementor-element elementor-element-d09d6f4 e-flex e-con-boxed e-con e-parent\" data-id=\"d09d6f4\" data-element_type=\"container\">\n\t\t\t\t\t<div class=\"e-con-inner\">\n\t\t<div class=\"elementor-element elementor-element-dd0ee34 e-con-full e-flex e-con e-child\" data-id=\"dd0ee34\" data-element_type=\"container\">\n\t\t\t\t<div class=\"elementor-element elementor-element-b916ad2 elementor-widget elementor-widget-feature-image\" data-id=\"b916ad2\" data-element_type=\"widget\" data-widget_type=\"feature-image.default\">\n\t\t\t\t<div class=\"elementor-widget-container\">\n\t\t\t<div class=\"ft-image-classic\"><a href=\"https:\/\/www.fuisteinvitado.com\/events\/NjIyNDA2\/bW9kb3ZpZXc=\" target=\"_blank\" fuiste=\"\"><div class=\"ft-img-wrapper\"><img decoding=\"async\" src=\"https:\/\/www.fuisteinvitado.com\/web\/wp-content\/uploads\/2026\/03\/XV-b.png\" title=\"XV-b\" alt=\"XV-b\" loading=\"lazy\" \/><\/div><\/a><h4 class=\"ft-title\"><center> Opci\u00f3n 1<\/center><\/h4><p class=\"ft-description\"><\/p><a href=\"https:\/\/www.fuisteinvitado.com\/events\/NjIyNDA2\/bW9kb3ZpZXc=\" target=\"_blank\" fuiste=\"\" class=\"ft-btn btn-txt-arr\">Ver dise\u00f1o <span class=\"arr-box\"><i class=\"icon-Arrow-OutRight\"><\/i><\/span><\/a><\/div>\t\t<\/div>\n\t\t\t\t<\/div>\n\t\t\t\t<\/div>\n\t\t<div class=\"elementor-element elementor-element-7904cb3 e-con-full e-flex e-con e-child\" data-id=\"7904cb3\" data-element_type=\"container\">\n\t\t\t\t<div class=\"elementor-element elementor-element-0c6025a elementor-widget elementor-widget-feature-image\" data-id=\"0c6025a\" data-element_type=\"widget\" data-widget_type=\"feature-image.default\">\n\t\t\t\t<div class=\"elementor-widget-container\">\n\t\t\t<div class=\"ft-image-classic\"><a href=\"https:\/\/www.fuisteinvitado.com\/events\/OTU0Nzg0\/bW9kb3ZpZXc=\" target=\"_blank\" fuiste=\"\"><div class=\"ft-img-wrapper\"><img decoding=\"async\" src=\"https:\/\/www.fuisteinvitado.com\/web\/wp-content\/uploads\/2026\/03\/XV-c.png\" title=\"XV-c\" alt=\"XV-c\" loading=\"lazy\" \/><\/div><\/a><h4 class=\"ft-title\"><center> Opci\u00f3n 2<\/center><\/h4><p class=\"ft-description\"><\/p><a href=\"https:\/\/www.fuisteinvitado.com\/events\/OTU0Nzg0\/bW9kb3ZpZXc=\" target=\"_blank\" fuiste=\"\" class=\"ft-btn btn-txt-arr\">Ver dise\u00f1o <span class=\"arr-box\"><i class=\"icon-Arrow-OutRight\"><\/i><\/span><\/a><\/div>\t\t<\/div>\n\t\t\t\t<\/div>\n\t\t\t\t<\/div>\n\t\t<div class=\"elementor-element elementor-element-9bf0f5f e-con-full e-flex e-con e-child\" data-id=\"9bf0f5f\" data-element_type=\"container\">\n\t\t\t\t<\/div>\n\t\t<div class=\"elementor-element elementor-element-7e5c2ac e-con-full elementor-hidden-desktop elementor-hidden-tablet elementor-hidden-mobile e-flex e-con e-child\" data-id=\"7e5c2ac\" data-element_type=\"container\">\n\t\t\t\t<div class=\"elementor-element elementor-element-506a112 elementor-widget elementor-widget-feature-image\" data-id=\"506a112\" data-element_type=\"widget\" data-widget_type=\"feature-image.default\">\n\t\t\t\t<div class=\"elementor-widget-container\">\n\t\t\t <div class=\"ft-image-frame\"><div class=\"ft-link-frame\"><div class=\"ft-img-wrapper\"><img decoding=\"async\" src=\"https:\/\/www.fuisteinvitado.com\/web\/wp-content\/plugins\/elementor\/assets\/images\/placeholder.png\" title=\"\" alt=\"\" loading=\"lazy\" \/><\/div><h4 class=\"ft-title\">Title example here<\/h4><p class=\"ft-description\">Velit consequat eu cupidatat irure qui este dolore qui consectetur in non culpa labore duis.<\/p><\/div><\/div>\t\t<\/div>\n\t\t\t\t<\/div>\n\t\t\t\t<\/div>\n\t\t\t\t\t<\/div>\n\t\t\t\t<\/div>\n\t\t<div class=\"elementor-element elementor-element-01d0dc1 elementor-hidden-desktop e-flex e-con-boxed e-con e-parent\" data-id=\"01d0dc1\" data-element_type=\"container\">\n\t\t\t\t\t<div class=\"e-con-inner\">\n\t\t\t\t<div class=\"elementor-element elementor-element-5c9fa30 elementor-widget elementor-widget-spacer\" data-id=\"5c9fa30\" data-element_type=\"widget\" data-widget_type=\"spacer.default\">\n\t\t\t\t<div class=\"elementor-widget-container\">\n\t\t\t\t\t<div class=\"elementor-spacer\">\n\t\t\t<div class=\"elementor-spacer-inner\"><\/div>\n\t\t<\/div>\n\t\t\t\t<\/div>\n\t\t\t\t<\/div>\n\t\t\t\t<div class=\"elementor-element elementor-element-fc13674 elementor-widget elementor-widget-text-editor\" data-id=\"fc13674\" data-element_type=\"widget\" data-widget_type=\"text-editor.default\">\n\t\t\t\t<div class=\"elementor-widget-container\">\n\t\t\t\t\t\t\t<p style=\"text-align: center;\"><span style=\"color: #000000;\"><strong>Categor\u00edas\u00a0<\/strong><\/span><\/p>\t\t\t\t\t\t<\/div>\n\t\t\t\t<\/div>\n\t\t\t\t\t<\/div>\n\t\t\t\t<\/div>\n\t\t<div class=\"elementor-element elementor-element-dc23626 elementor-hidden-desktop e-flex e-con-boxed e-con e-parent\" data-id=\"dc23626\" data-element_type=\"container\">\n\t\t\t\t\t<div class=\"e-con-inner\">\n\t\t<div class=\"elementor-element elementor-element-0064606 e-con-full e-flex e-con e-child\" data-id=\"0064606\" data-element_type=\"container\">\n\t\t\t\t<\/div>\n\t\t<div class=\"elementor-element elementor-element-1e006c0 e-con-full e-flex e-con e-child\" data-id=\"1e006c0\" data-element_type=\"container\">\n\t\t\t\t<div class=\"elementor-element elementor-element-289f3bd elementor-widget elementor-widget-image\" data-id=\"289f3bd\" data-element_type=\"widget\" data-widget_type=\"image.default\">\n\t\t\t\t<div class=\"elementor-widget-container\">\n\t\t\t\t\t\t\t\t\t\t\t\t\t\t<a href=\"https:\/\/www.fuisteinvitado.com\/web\/diseno-infantiles\">\n\t\t\t\t\t\t\t<img fetchpriority=\"high\" decoding=\"async\" width=\"945\" height=\"275\" src=\"https:\/\/www.fuisteinvitado.com\/web\/wp-content\/uploads\/2026\/03\/Dinfantil.png\" class=\"attachment-large size-large wp-image-4896\" alt=\"\" srcset=\"https:\/\/www.fuisteinvitado.com\/web\/wp-content\/uploads\/2026\/03\/Dinfantil.png 945w, https:\/\/www.fuisteinvitado.com\/web\/wp-content\/uploads\/2026\/03\/Dinfantil-300x87.png 300w, https:\/\/www.fuisteinvitado.com\/web\/wp-content\/uploads\/2026\/03\/Dinfantil-768x223.png 768w\" sizes=\"(max-width: 945px) 100vw, 945px\" \/>\t\t\t\t\t\t\t\t<\/a>\n\t\t\t\t\t\t\t\t\t\t\t\t\t<\/div>\n\t\t\t\t<\/div>\n\t\t\t\t<\/div>\n\t\t<div class=\"elementor-element elementor-element-1384ae1 e-con-full e-flex e-con e-child\" data-id=\"1384ae1\" data-element_type=\"container\">\n\t\t\t\t<div class=\"elementor-element elementor-element-c9889fc elementor-widget elementor-widget-image\" data-id=\"c9889fc\" data-element_type=\"widget\" data-widget_type=\"image.default\">\n\t\t\t\t<div class=\"elementor-widget-container\">\n\t\t\t\t\t\t\t\t\t\t\t\t\t\t<a href=\"https:\/\/www.fuisteinvitado.com\/web\/diseno-de-bodas\">\n\t\t\t\t\t\t\t<img decoding=\"async\" width=\"945\" height=\"275\" src=\"https:\/\/www.fuisteinvitado.com\/web\/wp-content\/uploads\/2026\/03\/DBodas.webp\" class=\"attachment-large size-large wp-image-4901\" alt=\"\" srcset=\"https:\/\/www.fuisteinvitado.com\/web\/wp-content\/uploads\/2026\/03\/DBodas.webp 945w, https:\/\/www.fuisteinvitado.com\/web\/wp-content\/uploads\/2026\/03\/DBodas-300x87.webp 300w, https:\/\/www.fuisteinvitado.com\/web\/wp-content\/uploads\/2026\/03\/DBodas-768x223.webp 768w\" sizes=\"(max-width: 945px) 100vw, 945px\" \/>\t\t\t\t\t\t\t\t<\/a>\n\t\t\t\t\t\t\t\t\t\t\t\t\t<\/div>\n\t\t\t\t<\/div>\n\t\t\t\t<\/div>\n\t\t<div class=\"elementor-element elementor-element-cf87155 e-con-full e-flex e-con e-child\" data-id=\"cf87155\" data-element_type=\"container\">\n\t\t\t\t<\/div>\n\t\t\t\t\t<\/div>\n\t\t\t\t<\/div>\n\t\t\t\t<\/div>\n\t\t","protected":false},"excerpt":{"rendered":"<p>Dise\u00f1o de XV a\u00f1os Opci\u00f3n 1 Ver dise\u00f1o Opci\u00f3n 2 Ver dise\u00f1o Title example here Velit consequat eu cupidatat irure qui este dolore qui consectetur in non culpa labore duis. Categor\u00edas\u00a0<\/p>\n","protected":false},"author":1,"featured_media":0,"parent":0,"menu_order":0,"comment_status":"closed","ping_status":"closed","template":"","meta":{"footnotes":""},"class_list":["post-4170","page","type-page","status-publish","hentry"],"_links":{"self":[{"href":"https:\/\/www.fuisteinvitado.com\/web\/wp-json\/wp\/v2\/pages\/4170","targetHints":{"allow":["GET"]}}],"collection":[{"href":"https:\/\/www.fuisteinvitado.com\/web\/wp-json\/wp\/v2\/pages"}],"about":[{"href":"https:\/\/www.fuisteinvitado.com\/web\/wp-json\/wp\/v2\/types\/page"}],"author":[{"embeddable":true,"href":"https:\/\/www.fuisteinvitado.com\/web\/wp-json\/wp\/v2\/users\/1"}],"replies":[{"embeddable":true,"href":"https:\/\/www.fuisteinvitado.com\/web\/wp-json\/wp\/v2\/comments?post=4170"}],"version-history":[{"count":96,"href":"https:\/\/www.fuisteinvitado.com\/web\/wp-json\/wp\/v2\/pages\/4170\/revisions"}],"predecessor-version":[{"id":5103,"href":"https:\/\/www.fuisteinvitado.com\/web\/wp-json\/wp\/v2\/pages\/4170\/revisions\/5103"}],"wp:attachment":[{"href":"https:\/\/www.fuisteinvitado.com\/web\/wp-json\/wp\/v2\/media?parent=4170"}],"curies":[{"name":"wp","href":"https:\/\/api.w.org\/{rel}","templated":true}]}}